rt 12264 (base 13) to base 5.
2032000
12352 (base 6) to base 11
1449
What is 327 (base 10) in base 11?
278
Convert -1191a (base 12) to base 9.
-35554
Convert -11676 (base 12) to base 14.
-876a
Convert 12771 (base 8) to base 5.
140000
1547 (base 16) to base 4
1111013
What is -1011111011 (base 2) in base 8?
-1373
Convert 7187 (base 11) to base 2.
10010100111101
-14312 (base 6) to base 15
-a1b
-1322112 (base 4) to base 2
-1111010010110
What is 2013320 (base 4) in base 11?
6596
Convert -c5d (base 16) to base 15.
-e10
Convert 32161 (base 8) to base 10.
13425
What is -10111102 (base 4) in base 11?
-12373
-98f (base 16) to base 6
-15155
-1388 (base 15) to base 13
-1b95
10111101001 (base 2) to base 16
5e9
541 (base 9) to base 13
280
-155 (base 11) to base 15
-c1
-13a (base 14) to base 16
-f8
-2222 (base 4) to base 6
-442
What is -9923 (base 13) in base 3?
-1002020202
Convert 313201 (base 5) to base 11.
7919
What is -c83 (base 13) in base 2?
-100001010111
Convert 1583 (base 11) to base 16.
7eb
What is -31a7 (base 13) in base 10?
-6897
What is -7672 (base 12) in base 15?
-3ceb
Convert -363 (base 9) to base 3.
-102010
Convert 742 (base 9) to base 12.
425
Convert -222011 (base 3) to base 9.
-864
What is -134024 (base 6) in base 11?
-9474
What is -42b (base 14) in base 6?
-3451
-44533 (base 6) to base 16
-1869
What is 5ae2 (base 15) in base 13?
8a56
Convert 10000000 (base 2) to base 8.
200
What is -202120121 (base 3) in base 12?
-8821
-58 (base 13) to base 2
-1001001
Convert 10100010000 (base 2) to base 13.
789
Convert -12113 (base 4) to base 14.
-211
12084 (base 11) to base 3
212212021
What is 30212 (base 5) in base 10?
1932
305 (base 10) to base 12
215
What is -4411 (base 10) in base 7?
-15601
Convert -112100221 (base 3) to base 4.
-2203222
What is 20100323 (base 4) in base 7?
200456
What is -21012 (base 4) in base 11?
-48a
-4000131 (base 5) to base 9
-104710
What is 1575 (base 9) in base 7?
3335
11601 (base 7) to base 3
11011120
What is -2215 (base 7) in base 10?
-796
What is -4ad (base 16) in base 13?
-711
What is 164560 (base 7) in base 14?
bda0
What is -121042 (base 8) in base 2?
-1010001000100010
What is 110000020 (base 3) in base 2?
10001000110010
Convert 103131 (base 6) to base 13.
3b23
Convert 1443212 (base 6) to base 5.
10134142
What is 5e49 (base 16) in base 3?
1020002222
12ad (base 15) to base 9
5421
Convert 6544 (base 8) to base 14.
136c
Convert -100111111 (base 2) to base 13.
-1b7
Convert -663 (base 7) to base 14.
-1a3
734 (base 16) to base 9
2468
Convert -25593 (base 11) to base 16.
-8f24
-120110 (base 3) to base 10
-417
What is 2d8 (base 14) in base 8?
1106
What is -111010001 (base 2) in base 11?
-393
Convert 754 (base 12) to base 8.
2060
What is -3a3 (base 16) in base 3?
-1021111
What is -3245 (base 8) in base 16?
-6a5
Convert 144 (base 8) to base 10.
100
What is -14432 (base 5) in base 7?
-3423
-111111010000 (base 2) to base 3
-12112221
-10040 (base 5) to base 2
-1010000101
Convert -a3 (base 15) to base 10.
-153
-310 (base 12) to base 3
-121110
Convert b61 (base 16) to base 2.
101101100001
-14946 (base 10) to base 11
-10258
334 (base 6) to base 12
aa
-3844 (base 14) to base 9
-14465
Convert -4 (base 11) to base 15.
-4
What is 11220 (base 4) in base 15?
190
Convert 39451 (base 10) to base 4.
21220123
What is -10815 (base 11) in base 4?
-3310021
312 (base 7) to base 15
a6
Convert 1276 (base 8) to base 11.
589
What is -10011021222 (base 3) in base 10?
-62180
Convert 21202 (base 3) to base 16.
d1
Convert 31 (base 14) to base 10.
43
What is -20142 (base 5) in base 7?
-3532
Convert -288 (base 16) to base 12.
-460
5002 (base 16) to base 14
7670
What is -1562 (base 13) in base 11?
-2389
Convert 1221100 (base 3) to base 4.
112011
3fc (base 16) to base 6
4420
Convert -3460 (base 8) to base 4.
-130300
-10141 (base 5) to base 10
-671
What is -2252 (base 10) in base 7?
-6365
1401 (base 6) to base 2
101101001
Convert -191 (base 12) to base 10.
-253
2218 (base 10) to base 14
b46
Convert -2771 (base 8) to base 9.
-2078
What is -1d63d (base 14) in base 4?
-102120313
366 (base 11) to base 8
663
What is a61 (base 15) in base 4?
210211
-23a4 (base 11) to base 6
-22311
Convert -32667 (base 8) to base 2.
-11010110110111
Convert 1017 (base 14) to base 2.
101011001101
2121331 (base 4) to base 3
111111221
Convert 2152 (base 12) to base 6.
24542
1223103 (base 5) to base 7
125411
What is -376 (base 14) in base 9?
-848
What is e3 (base 16) in base 2?
11100011
1111110010001011 (base 2) to base 14
197bd
What is -2100 (base 5) in base 3?
-101012
Convert 1020212201 (base 3) to base 7.
132001
-9b7 (base 16) to base 13
-1194
6c86 (base 14) to base 3
221222021
-1333 (base 4) to base 5
-1002
What is -1716 (base 14) in base 7?
-15026
Convert 220000 (base 3) to base 6.
3000
What is 566 (base 12) in base 14?
410
What is -1000111000 (base 2) in base 13?
-349
What is 3312 (base 4) in base 3?
100010
Convert -5879 (base 13) to base 16.
-3095
-400 (base 11) to base 8
-744
Convert 12465 (base 12) to base 2.
110000100001101
What is -1ca5 (base 16) in base 5?
-213313
What is -2570 (base 9) in base 14?
-9b8
Convert 8926 (base 13) to base 14.
6d85
-1880 (base 11) to base 2
-100101010011
Convert 16b5 (base 12) to base 10.
2729
Convert -101011101111111 (base 2) to base 3.
-1010201121
Convert 8a (base 14) to base 9.
145
What is 1231200 (base 4) in base 15?
2123
Convert 27424 (base 10) to base 14.
9dcc
Convert -31043 (base 7) to base 16.
-1d99
Convert 5311 (base 6) to base 14.
615
1a7 (base 11) to base 8
356
What is -1507 (base 9) in base 3?
-1120021
What is 1001002 (base 4) in base 9?
5634
412 (base 13) to base 9
847
5f7e (base 16) to base 7
131162
126d (base 14) to base 2
110010100001
What is 85031 (base 9) in base 6?
1112001
What is -e90 (base 15) in base 8?
-6325
What is 53487 (base 9) in base 4?
20221003
What is -1202330 (base 4) in base 8?
-14274
20131 (base 4) to base 11
452
What is -402 (base 8) in base 7?
-516
Convert -12b7 (base 13) to base 8.
-5175
Convert -8867 (base 9) to base 13.
-2c92
Convert -61462 (base 9) to base 2.
-1001111000011011
Convert -11111001100010 (base 2) to base 14.
-5b6a
Convert 10011100100011 (base 2) to base 16.
2723
What is 221 (base 13) in base 8?
555
-2655 (base 8) to base 13
-87a
What is -5b8 (base 12) in base 6?
-3552
Convert -1000101110001 (base 2) to base 5.
-120330
-140 (base 10) to base 15
-95
-212665 (base 7) to base 2
-1001000010110010
Convert -110101100100 (base 2) to base 6.
-23512
What is -7607 (base 8) in base 12?
-2373
What is 111012 (base 3) in base 2?
101100100
What is -21100202 (base 3) in base 9?
-7322
-1574 (base 12) to base 9
-3427
-120 (base 16) to base 11
-242
Convert -102231112 (base 4) to base 16.
-12b56
-1341 (base 5) to base 6
-1005
What is -1313 (base 10) in base 16?
-521
Convert 126c (base 13) to base 4.
221001
What is -10001101 (base 2) in base 3?
-12020
What is -13222 (base 4) in base 2?
-111101010
-10200000 (base 3) to base 6
-20213
Convert 135 (base 6) to base 8.
73
3509 (base 14) to base 16
2405
Convert 241512 (base 6) to base 15.
63e5
What is -7b (base 14) in base 15?
-74
What is -a22 (base 11) in base 14?
-642
-312 (base 6) to base 14
-84
1600 (base 10) to base 15
71a
5952 (base 12) to base 2
10011100001110
-14c (base 16) to base 9
-408
What is 211211 (base 4) in base 10?
2405
-1848c (base 13) to base 3
-2101101010
-1132402 (base 5) to base 6
-241041
3072 (base 8) to base 13
958
What is 6 (base 8) in base 6?
10
Convert 22f (base 16) to base 10.
559
110111101 (base 2) to base 13
283
What is 60134 (base 8) in base 11?
17596
1721 (base 16) to base 5
142141
11230011 (base 4) to base 14
86c5
327 (base 15) to base 8
1310
231 (base 16) to base 9
683
What is 8df (base 16) in base 3?
10010010
What is 563 (base 7) in base 14?
16a
What is 2202010 (base 3) in base 7?
5556
-30250 (base 6) to base 16
-f96
What is -403 (base 9) in base 4?
-11013
Convert -26722 (base 8) to base 13.
-5454
What is 107 (base 12) in base 13?
b8
Convert 371 (base 12) to base 11.
430
Convert -791 (base 15) to base 9.
-2311
What is 1232034 (base 6) in base 16?
103f6
What is -1001000100 (base 2) in base 12?
-404
-102222 (base 4) to base 10
-1194
5048 (base 12) to base 3
102221002
-600 (base 11) to base 5
-10401
Convert 60 (base 8) to base 16.
30
What is 48